{"id":14,"date":"2022-11-08T12:56:17","date_gmt":"2022-11-08T11:56:17","guid":{"rendered":"http:\/\/laserantitabac-gaba.com\/?page_id=14"},"modified":"2026-02-04T12:17:46","modified_gmt":"2026-02-04T11:17:46","slug":"votre-therapeute","status":"publish","type":"page","link":"https:\/\/laserantitabac-gaba.com\/index.php\/votre-therapeute\/","title":{"rendered":"Votre Th\u00e9rapeute"},"content":{"rendered":"\n<div class=\"wp-block-cover alignfull is-light\" style=\"min-height:1377px;aspect-ratio:unset;\"><span aria-hidden=\"true\" class=\"wp-block-cover__background has-background-dim-100 has-background-dim\" style=\"background-color:#fff9f1\"><\/span><div class=\"wp-block-cover__inner-container is-layout-flow wp-block-cover-is-layout-flow\">\n<div class=\"wp-block-group is-layout-flow wp-block-group-is-layout-flow\">\n<div style=\"height:80px\" aria-hidden=\"true\" class=\"wp-block-spacer\"><\/div>\n\n\n\n<div class=\"wp-block-columns is-layout-flex wp-container-core-columns-is-layout-28f84493 wp-block-columns-is-layout-flex\">\n<div class=\"wp-block-column is-layout-flow wp-block-column-is-layout-flow\" style=\"flex-basis:66.79%\">\n<figure class=\"wp-block-image size-large is-resized\"><img fetchpriority=\"high\" decoding=\"async\" width=\"683\" height=\"1024\" src=\"http:\/\/laserantitabac-gaba.com\/wp-content\/uploads\/2022\/11\/IMEN_ZEGMANI_NOV22-48-683x1024.jpg\" alt=\"\" class=\"wp-image-169\" style=\"width:753px;height:1129px\" srcset=\"https:\/\/laserantitabac-gaba.com\/wp-content\/uploads\/2022\/11\/IMEN_ZEGMANI_NOV22-48-683x1024.jpg 683w, https:\/\/laserantitabac-gaba.com\/wp-content\/uploads\/2022\/11\/IMEN_ZEGMANI_NOV22-48-200x300.jpg 200w, https:\/\/laserantitabac-gaba.com\/wp-content\/uploads\/2022\/11\/IMEN_ZEGMANI_NOV22-48-768x1152.jpg 768w, https:\/\/laserantitabac-gaba.com\/wp-content\/uploads\/2022\/11\/IMEN_ZEGMANI_NOV22-48-1024x1536.jpg 1024w, https:\/\/laserantitabac-gaba.com\/wp-content\/uploads\/2022\/11\/IMEN_ZEGMANI_NOV22-48-1365x2048.jpg 1365w, https:\/\/laserantitabac-gaba.com\/wp-content\/uploads\/2022\/11\/IMEN_ZEGMANI_NOV22-48-scaled.jpg 1707w\" sizes=\"(max-width: 683px) 100vw, 683px\" \/><\/figure>\n\n\n\n<div style=\"height:40px\" aria-hidden=\"true\" class=\"wp-block-spacer\"><\/div>\n<\/div>\n\n\n\n<div class=\"wp-block-column is-layout-flow wp-block-column-is-layout-flow\" style=\"flex-basis:34%\">\n<h2 class=\"wp-block-heading has-text-color has-x-large-font-size\" style=\"color:#686653\">Imen ZEGNANI<\/h2>\n\n\n\n<h2 class=\"wp-block-heading has-text-color has-medium-font-size\" style=\"color:#686653\">Auriculoth\u00e9rapie &amp; Laser <\/h2>\n\n\n\n<p class=\"has-text-color\" style=\"color:#686653\">Imen ZEGNANI est anim\u00e9e depuis toujours par l\u2019envie d\u2019aider les personnes \u00e0 <strong>retrouver \u00e9quilibre, s\u00e9r\u00e9nit\u00e9 et bien-\u00eatre<\/strong>. Sa pratique se distingue par <strong>une approche centr\u00e9e sur l\u2019\u00e9coute, la bienveillance et le respect du rythme de chacun<\/strong>, bien au-del\u00e0 de la simple technique.<\/p>\n\n\n\n<p class=\"has-text-color has-link-color wp-elements-fa3dff79f04be5f9c748039dab655aca\" style=\"color:#686653\">Pour d\u00e9velopper son expertise, elle a suivi une formation compl\u00e8te aupr\u00e8s du <strong>Groupe M.F.C.<\/strong>, sp\u00e9cialis\u00e9e dans les d\u00e9pendances, o\u00f9 elle a appris \u00e0 utiliser <strong>l\u2019auriculoth\u00e9rapie, le laser anti-d\u00e9pendances et les ventouses<\/strong>. Elle a \u00e9galement approfondi sa pratique de l\u2019<strong>auriculoth\u00e9rapie bien-\u00eatre<\/strong> avec <strong>Patrick Dethier<\/strong>, pour accompagner plus globalement le corps et l\u2019esprit dans leur \u00e9quilibre.<\/p>\n\n\n\n<p class=\"has-text-color has-link-color wp-elements-c879392f3f013edf3a43e5ea64b8a84a\" style=\"color:#686653\">Install\u00e9e dans son cabinet en <strong>Essonne \u00e0 Arpajon (91)<\/strong>, elle accompagne ses patients sur plusieurs domaines :<\/p>\n\n\n\n<ul class=\"wp-block-list\">\n<li class=\"has-text-color has-link-color wp-elements-68dece7c969ed94020e6e24064f88bc5\" style=\"color:#686653\"><strong>Sevrage et d\u00e9pendances<\/strong> : tabac, alcool, cannabis, sucre, cigarette \u00e9lectronique<\/li>\n\n\n\n<li class=\"has-text-color has-link-color wp-elements-5140e1dc0c7f7b9e379322d6078d5b15\" style=\"color:#686653\"><strong>Bien-\u00eatre global<\/strong> : acouph\u00e8nes, migraines, m\u00e9nopause, stress, anxi\u00e9t\u00e9, tensions physiques et \u00e9motionnelles<\/li>\n<\/ul>\n\n\n\n<p class=\"has-text-color has-link-color wp-elements-af65b8bbb950c26dc1b7ef5e8fbe1866\" style=\"color:#686653\">Chaque accompagnement est pens\u00e9 comme <strong>un travail d\u2019\u00e9quipe<\/strong>. Son r\u00f4le est de guider et soutenir ses patients, avec un <strong>suivi personnalis\u00e9 et attentif<\/strong>, garantissant un <strong>sevrage durable et un mieux-\u00eatre retrouv\u00e9<\/strong>.<\/p>\n\n\n\n<p class=\"has-text-color\" style=\"color:#686653\">Gr\u00e2ce \u00e0 son approche, les patients peuvent <strong>reprendre le contr\u00f4le de leur vie<\/strong>, apaiser leurs envies et leurs tensions, et retrouver <strong>libert\u00e9 et s\u00e9r\u00e9nit\u00e9<\/strong>. L\u2019engagement d\u2019Imen ZEGNANI est clair : <strong>vous soutenir avec \u00e9coute, douceur et efficacit\u00e9, \u00e0 chaque \u00e9tape de votre parcours<\/strong>.\u00a0<\/p>\n\n\n\n<hr class=\"wp-block-separator has-css-opacity is-style-wide\"\/>\n<\/div>\n<\/div>\n<\/div>\n<\/div><\/div>\n\n\n\n<h2 class=\"wp-block-heading has-text-align-center ticss-6d70c597 has-text-color\" style=\"color:#686653\">Le d\u00e9roulement de votre s\u00e9ance<\/h2>\n\n\n\n<div class=\"wp-block-group alignfull is-layout-constrained wp-block-group-is-layout-constrained\">\n<div id=\"wp-block-themeisle-blocks-advanced-columns-dfd643f3\" class=\"wp-block-themeisle-blocks-advanced-columns alignfull has-3-columns has-desktop-equal-layout has-tablet-equal-layout has-mobile-collapsedRows-layout has-reverse-columns-mobile has-vertical-center ticss-c00aadba has-dark-bg\"><div class=\"wp-block-themeisle-blocks-advanced-columns-overlay\"><\/div><div class=\"innerblocks-wrap\">\n<div id=\"wp-block-themeisle-blocks-advanced-column-127ec10e\" class=\"wp-block-themeisle-blocks-advanced-column ticss-2f976c2a\">\n<div class=\"wp-block-cover\"><img decoding=\"async\" width=\"1574\" height=\"1278\" class=\"wp-block-cover__image-background wp-image-384\" alt=\"\" src=\"http:\/\/laserantitabac-gaba.com\/wp-content\/uploads\/2024\/03\/Capture-decran-2024-03-12-a-08.00.48.png\" style=\"object-position:53% 67%\" data-object-fit=\"cover\" data-object-position=\"53% 67%\" srcset=\"https:\/\/laserantitabac-gaba.com\/wp-content\/uploads\/2024\/03\/Capture-decran-2024-03-12-a-08.00.48.png 1574w, https:\/\/laserantitabac-gaba.com\/wp-content\/uploads\/2024\/03\/Capture-decran-2024-03-12-a-08.00.48-300x244.png 300w, https:\/\/laserantitabac-gaba.com\/wp-content\/uploads\/2024\/03\/Capture-decran-2024-03-12-a-08.00.48-1024x831.png 1024w, https:\/\/laserantitabac-gaba.com\/wp-content\/uploads\/2024\/03\/Capture-decran-2024-03-12-a-08.00.48-768x624.png 768w, https:\/\/laserantitabac-gaba.com\/wp-content\/uploads\/2024\/03\/Capture-decran-2024-03-12-a-08.00.48-1536x1247.png 1536w\" sizes=\"(max-width: 1574px) 100vw, 1574px\" \/><span aria-hidden=\"true\" class=\"wp-block-cover__background has-background-dim\"><\/span><div class=\"wp-block-cover__inner-container is-layout-flow wp-block-cover-is-layout-flow\">\n<h2 class=\"wp-block-heading has-text-align-center ticss-c2b4cf7e has-text-color\" id=\"people\" style=\"color:#fff9f1\"><em>Echanges<\/em><\/h2>\n\n\n\n<p class=\"has-text-align-left has-text-color\" style=\"color:#fff9f1;font-size:16px\">Dans un premier temps votre th\u00e9rapeute \u00e9change avec vous afin de conna\u00eetre votre parcours et d\u00e9termine votre degr\u00e9 d\u2019addiction. Elle vous explique comment fonctionnent la d\u00e9pendance et la m\u00e9thode M.F.C. Imen ZEGNANI est l\u00e0 pour vous&nbsp;<strong>\u00e9couter<\/strong>&nbsp;sans jugement, en toute&nbsp;<strong>confidentialit\u00e9<\/strong> et avec bienveillance. <\/p>\n<\/div><\/div>\n<\/div>\n\n\n\n<div id=\"wp-block-themeisle-blocks-advanced-column-eefb8312\" class=\"wp-block-themeisle-blocks-advanced-column\">\n<div class=\"wp-block-cover\"><img decoding=\"async\" width=\"2560\" height=\"1707\" class=\"wp-block-cover__image-background wp-image-173\" alt=\"\" src=\"http:\/\/laserantitabac-gaba.com\/wp-content\/uploads\/2022\/11\/IMEN_ZEGMANI_NOV22-42-1-scaled.jpg\" data-object-fit=\"cover\" srcset=\"https:\/\/laserantitabac-gaba.com\/wp-content\/uploads\/2022\/11\/IMEN_ZEGMANI_NOV22-42-1-scaled.jpg 2560w, https:\/\/laserantitabac-gaba.com\/wp-content\/uploads\/2022\/11\/IMEN_ZEGMANI_NOV22-42-1-300x200.jpg 300w, https:\/\/laserantitabac-gaba.com\/wp-content\/uploads\/2022\/11\/IMEN_ZEGMANI_NOV22-42-1-1024x683.jpg 1024w, https:\/\/laserantitabac-gaba.com\/wp-content\/uploads\/2022\/11\/IMEN_ZEGMANI_NOV22-42-1-768x512.jpg 768w, https:\/\/laserantitabac-gaba.com\/wp-content\/uploads\/2022\/11\/IMEN_ZEGMANI_NOV22-42-1-1536x1024.jpg 1536w, https:\/\/laserantitabac-gaba.com\/wp-content\/uploads\/2022\/11\/IMEN_ZEGMANI_NOV22-42-1-2048x1365.jpg 2048w, https:\/\/laserantitabac-gaba.com\/wp-content\/uploads\/2022\/11\/IMEN_ZEGMANI_NOV22-42-1-930x620.jpg 930w\" sizes=\"(max-width: 2560px) 100vw, 2560px\" \/><span aria-hidden=\"true\" class=\"wp-block-cover__background has-background-dim\"><\/span><div class=\"wp-block-cover__inner-container is-layout-flow wp-block-cover-is-layout-flow\">\n<h2 class=\"wp-block-heading has-text-align-center has-text-color\" id=\"buildings\" style=\"color:#fff9f1\"><em>Application<\/em><\/h2>\n\n\n\n<p class=\"has-text-color\" style=\"color:#fff9f1;font-size:16px\">L&rsquo;application de la m\u00e9thode laser anti tabac M.F.C se fait en 2 \u00e9tapes. En premier lieu, nous faisant la d\u00e9tection et la stimulation&nbsp;des points d&rsquo;auriculoth\u00e9rapie. Une fois tous les points stimul\u00e9s on applique le laser qui va d\u00e9connecter les synapses responsables de votre d\u00e9pendance physique et donc de votre manque.<\/p>\n<\/div><\/div>\n<\/div>\n\n\n\n<div id=\"wp-block-themeisle-blocks-advanced-column-9136d16a\" class=\"wp-block-themeisle-blocks-advanced-column\">\n<div class=\"wp-block-cover\"><img loading=\"lazy\" decoding=\"async\" width=\"2214\" height=\"1420\" class=\"wp-block-cover__image-background wp-image-174\" alt=\"\" src=\"http:\/\/laserantitabac-gaba.com\/wp-content\/uploads\/2022\/11\/IMEN_ZEGMANI_NOV22-14-scaled-e1710227132719.jpg\" data-object-fit=\"cover\" srcset=\"https:\/\/laserantitabac-gaba.com\/wp-content\/uploads\/2022\/11\/IMEN_ZEGMANI_NOV22-14-scaled-e1710227132719.jpg 2214w, https:\/\/laserantitabac-gaba.com\/wp-content\/uploads\/2022\/11\/IMEN_ZEGMANI_NOV22-14-scaled-e1710227132719-300x192.jpg 300w, https:\/\/laserantitabac-gaba.com\/wp-content\/uploads\/2022\/11\/IMEN_ZEGMANI_NOV22-14-scaled-e1710227132719-1024x657.jpg 1024w, https:\/\/laserantitabac-gaba.com\/wp-content\/uploads\/2022\/11\/IMEN_ZEGMANI_NOV22-14-scaled-e1710227132719-768x493.jpg 768w, https:\/\/laserantitabac-gaba.com\/wp-content\/uploads\/2022\/11\/IMEN_ZEGMANI_NOV22-14-scaled-e1710227132719-1536x985.jpg 1536w, https:\/\/laserantitabac-gaba.com\/wp-content\/uploads\/2022\/11\/IMEN_ZEGMANI_NOV22-14-scaled-e1710227132719-2048x1314.jpg 2048w\" sizes=\"(max-width: 2214px) 100vw, 2214px\" \/><span aria-hidden=\"true\" class=\"wp-block-cover__background has-background-dim\"><\/span><div class=\"wp-block-cover__inner-container is-layout-flow wp-block-cover-is-layout-flow\">\n<h2 class=\"wp-block-heading has-text-align-center has-text-color\" id=\"nature\" style=\"color:#fff9f1\"><em>Garantie<\/em><\/h2>\n\n\n\n<p class=\"has-text-color\" style=\"color:#fff9f1;font-size:16px\">Une fois la m\u00e9thode appliqu\u00e9e, votre th\u00e9rapeute vous donne votre garantie de 1 an et commence le suivi personnalis\u00e9 de votre sevrage. Vous avez des conseils et indications sur les 15 prochains jours \u00e0 mettre en place. S&rsquo;il y a une rechute, votre th\u00e9rapeute vous offre une seconde s\u00e9ance totalement gratuite. Vous \u00eates enfin lib\u00e9r\u00e9 de votre d\u00e9pendance. <\/p>\n<\/div><\/div>\n<\/div>\n<\/div><\/div>\n<\/div>\n\n\n\n<div class=\"wp-block-group is-layout-flow wp-block-group-is-layout-flow\">\n<hr class=\"wp-block-separator has-text-color has-neve-button-color-color has-css-opacity has-neve-button-color-background-color has-background is-style-default\"\/>\n<\/div>\n\n\n\n<p class=\"has-text-align-center has-small-font-size\" style=\"line-height:.9\"><strong><br><b>Tous droits r\u00e9serv\u00e9s \u00a9 Centre Gaba<\/b> | Laser Anti Tabac I Auriculoth\u00e9rapie Bien-Etre | Essonne I Arpajon | 2026<\/strong><\/p>\n","protected":false},"excerpt":{"rendered":"<p>Le d\u00e9roulement de votre s\u00e9ance<\/p>\n","protected":false},"author":1,"featured_media":0,"parent":0,"menu_order":0,"comment_status":"closed","ping_status":"closed","template":"","meta":{"_themeisle_gutenberg_block_has_review":false,"footnotes":""},"class_list":["post-14","page","type-page","status-publish","hentry"],"_links":{"self":[{"href":"https:\/\/laserantitabac-gaba.com\/index.php\/wp-json\/wp\/v2\/pages\/14","targetHints":{"allow":["GET"]}}],"collection":[{"href":"https:\/\/laserantitabac-gaba.com\/index.php\/wp-json\/wp\/v2\/pages"}],"about":[{"href":"https:\/\/laserantitabac-gaba.com\/index.php\/wp-json\/wp\/v2\/types\/page"}],"author":[{"embeddable":true,"href":"https:\/\/laserantitabac-gaba.com\/index.php\/wp-json\/wp\/v2\/users\/1"}],"replies":[{"embeddable":true,"href":"https:\/\/laserantitabac-gaba.com\/index.php\/wp-json\/wp\/v2\/comments?post=14"}],"version-history":[{"count":24,"href":"https:\/\/laserantitabac-gaba.com\/index.php\/wp-json\/wp\/v2\/pages\/14\/revisions"}],"predecessor-version":[{"id":419,"href":"https:\/\/laserantitabac-gaba.com\/index.php\/wp-json\/wp\/v2\/pages\/14\/revisions\/419"}],"wp:attachment":[{"href":"https:\/\/laserantitabac-gaba.com\/index.php\/wp-json\/wp\/v2\/media?parent=14"}],"curies":[{"name":"wp","href":"https:\/\/api.w.org\/{rel}","templated":true}]}}