{"id":229,"date":"2022-11-22T17:20:30","date_gmt":"2022-11-22T16:20:30","guid":{"rendered":"http:\/\/laserantitabac-gaba.com\/?page_id=229"},"modified":"2026-02-04T13:00:42","modified_gmt":"2026-02-04T12:00:42","slug":"sevrages","status":"publish","type":"page","link":"https:\/\/laserantitabac-gaba.com\/index.php\/sevrages\/","title":{"rendered":"Sevrages"},"content":{"rendered":"\n<p><strong>Chaque sevrage est abord\u00e9 avec <strong>\u00e9coute, bienveillance et suivi personnalis\u00e9<\/strong>, pour accompagner pleinement le corps et l\u2019esprit vers <strong>libert\u00e9, s\u00e9r\u00e9nit\u00e9 et \u00e9quilibre<\/strong>. Gr\u00e2ce \u00e0 l\u2019<strong>auriculoth\u00e9rapie combin\u00e9e au laser<\/strong>, les d\u00e9pendances physiques et les pulsions sont cibl\u00e9es efficacement, d\u00e8s la premi\u00e8re s\u00e9ance.<\/strong><\/p>\n\n\n\n<div id=\"wp-block-themeisle-blocks-advanced-columns-22824bc7\" class=\"wp-block-themeisle-blocks-advanced-columns has-2-columns has-desktop-equal-layout has-tablet-equal-layout has-mobile-collapsedRows-layout has-vertical-unset\"><div class=\"wp-block-themeisle-blocks-advanced-columns-overlay\"><\/div><div class=\"innerblocks-wrap\">\n<div id=\"wp-block-themeisle-blocks-advanced-column-75ae51fe\" class=\"wp-block-themeisle-blocks-advanced-column\">\n<h2 class=\"wp-block-heading has-nv-c-1-color has-text-color\">La nicotine (tabac)<\/h2>\n\n\n\n<p class=\"has-medium-font-size\">Le tabac cr\u00e9e une d\u00e9pendance physique et comportementale puissante. L\u2019<strong>auriculoth\u00e9rapie et le laser<\/strong> permettent de <strong>supprimer le manque physique et les envies<\/strong>, apaiser le stress et la nervosit\u00e9, et reprendre le contr\u00f4le de ses habitudes. Chaque client b\u00e9n\u00e9ficie d\u2019un suivi bienveillant pour un sevrage durable et serein.<\/p>\n<\/div>\n\n\n\n<div id=\"wp-block-themeisle-blocks-advanced-column-ed1f8b93\" class=\"wp-block-themeisle-blocks-advanced-column\">\n<figure class=\"wp-block-image size-large\"><img fetchpriority=\"high\" decoding=\"async\" width=\"1024\" height=\"683\" src=\"http:\/\/laserantitabac-gaba.com\/wp-content\/uploads\/2022\/11\/IMEN_ZEGMANI_NOV22-27-1024x683.jpg\" alt=\"\" class=\"wp-image-230\" srcset=\"https:\/\/laserantitabac-gaba.com\/wp-content\/uploads\/2022\/11\/IMEN_ZEGMANI_NOV22-27-1024x683.jpg 1024w, https:\/\/laserantitabac-gaba.com\/wp-content\/uploads\/2022\/11\/IMEN_ZEGMANI_NOV22-27-300x200.jpg 300w, https:\/\/laserantitabac-gaba.com\/wp-content\/uploads\/2022\/11\/IMEN_ZEGMANI_NOV22-27-768x512.jpg 768w, https:\/\/laserantitabac-gaba.com\/wp-content\/uploads\/2022\/11\/IMEN_ZEGMANI_NOV22-27-1536x1024.jpg 1536w, https:\/\/laserantitabac-gaba.com\/wp-content\/uploads\/2022\/11\/IMEN_ZEGMANI_NOV22-27-2048x1365.jpg 2048w, https:\/\/laserantitabac-gaba.com\/wp-content\/uploads\/2022\/11\/IMEN_ZEGMANI_NOV22-27-930x620.jpg 930w\" sizes=\"(max-width: 1024px) 100vw, 1024px\" \/><\/figure>\n<\/div>\n<\/div><\/div>\n\n\n\n<div class=\"wp-block-media-text alignwide is-stacked-on-mobile\"><figure class=\"wp-block-media-text__media\"><img decoding=\"async\" width=\"1024\" height=\"652\" src=\"http:\/\/laserantitabac-gaba.com\/wp-content\/uploads\/2022\/11\/pexels-jill-burrow-6858605-1024x652.jpg\" alt=\"\" class=\"wp-image-231 size-full\" srcset=\"https:\/\/laserantitabac-gaba.com\/wp-content\/uploads\/2022\/11\/pexels-jill-burrow-6858605-1024x652.jpg 1024w, https:\/\/laserantitabac-gaba.com\/wp-content\/uploads\/2022\/11\/pexels-jill-burrow-6858605-300x191.jpg 300w, https:\/\/laserantitabac-gaba.com\/wp-content\/uploads\/2022\/11\/pexels-jill-burrow-6858605-768x489.jpg 768w, https:\/\/laserantitabac-gaba.com\/wp-content\/uploads\/2022\/11\/pexels-jill-burrow-6858605-1536x978.jpg 1536w, https:\/\/laserantitabac-gaba.com\/wp-content\/uploads\/2022\/11\/pexels-jill-burrow-6858605-2048x1304.jpg 2048w\" sizes=\"(max-width: 1024px) 100vw, 1024px\" \/><\/figure><div class=\"wp-block-media-text__content\">\n<p><\/p>\n\n\n\n<h2 class=\"wp-block-heading has-nv-c-1-color has-text-color\">L&rsquo;alcool<\/h2>\n\n\n\n<p class=\"has-medium-font-size\">La d\u00e9pendance \u00e0 l\u2019alcool peut \u00eatre difficile \u00e0 g\u00e9rer seul. Cette m\u00e9thode agit directement sur le <strong>besoin physique et les pulsions<\/strong>, tout en r\u00e9duisant l\u2019angoisse et la tension li\u00e9es au sevrage. L\u2019accompagnement personnalis\u00e9 assure un <strong>soutien constant<\/strong>, pour retrouver \u00e9quilibre et libert\u00e9 d\u00e8s la premi\u00e8re s\u00e9ance.<\/p>\n<\/div><\/div>\n\n\n\n<div style=\"height:72px\" aria-hidden=\"true\" class=\"wp-block-spacer\"><\/div>\n\n\n\n<div id=\"wp-block-themeisle-blocks-advanced-columns-9a8b41a6\" class=\"wp-block-themeisle-blocks-advanced-columns has-2-columns has-desktop-oneTwo-layout has-tablet-equal-layout has-mobile-equal-layout has-vertical-unset\"><div class=\"wp-block-themeisle-blocks-advanced-columns-overlay\"><\/div><div class=\"innerblocks-wrap\">\n<div id=\"wp-block-themeisle-blocks-advanced-column-712be4b0\" class=\"wp-block-themeisle-blocks-advanced-column\">\n<h2 class=\"wp-block-heading has-nv-c-1-color has-text-color\">Le cannabis (THC)<\/h2>\n\n\n\n<p class=\"has-medium-font-size\">Les habitudes li\u00e9es au cannabis sont profond\u00e9ment ancr\u00e9es dans le corps et le cerveau. Gr\u00e2ce \u00e0 l\u2019<strong>auriculoth\u00e9rapie et au laser<\/strong>, les envies et le manque sont att\u00e9nu\u00e9s rapidement, les tensions s\u2019apaisent, et le patient retrouve <strong>libert\u00e9 et s\u00e9r\u00e9nit\u00e9<\/strong> dans sa vie quotidienne.<\/p>\n<\/div>\n\n\n\n<div id=\"wp-block-themeisle-blocks-advanced-column-a79bb28f\" class=\"wp-block-themeisle-blocks-advanced-column\">\n<figure class=\"wp-block-image size-large\"><img decoding=\"async\" width=\"1024\" height=\"683\" src=\"http:\/\/laserantitabac-gaba.com\/wp-content\/uploads\/2022\/11\/pexels-rodnae-productions-8139194-1024x683.jpg\" alt=\"\" class=\"wp-image-232\" srcset=\"https:\/\/laserantitabac-gaba.com\/wp-content\/uploads\/2022\/11\/pexels-rodnae-productions-8139194-1024x683.jpg 1024w, https:\/\/laserantitabac-gaba.com\/wp-content\/uploads\/2022\/11\/pexels-rodnae-productions-8139194-300x200.jpg 300w, https:\/\/laserantitabac-gaba.com\/wp-content\/uploads\/2022\/11\/pexels-rodnae-productions-8139194-768x512.jpg 768w, https:\/\/laserantitabac-gaba.com\/wp-content\/uploads\/2022\/11\/pexels-rodnae-productions-8139194-1536x1024.jpg 1536w, https:\/\/laserantitabac-gaba.com\/wp-content\/uploads\/2022\/11\/pexels-rodnae-productions-8139194-2048x1365.jpg 2048w, https:\/\/laserantitabac-gaba.com\/wp-content\/uploads\/2022\/11\/pexels-rodnae-productions-8139194-930x620.jpg 930w\" sizes=\"(max-width: 1024px) 100vw, 1024px\" \/><\/figure>\n<\/div>\n<\/div><\/div>\n\n\n\n<div class=\"wp-block-media-text alignwide is-stacked-on-mobile\"><figure class=\"wp-block-media-text__media\"><img loading=\"lazy\" decoding=\"async\" width=\"400\" height=\"400\" src=\"https:\/\/laserantitabac-gaba.com\/wp-content\/uploads\/2026\/02\/so-true.jpeg\" alt=\"\" class=\"wp-image-421 size-full\" srcset=\"https:\/\/laserantitabac-gaba.com\/wp-content\/uploads\/2026\/02\/so-true.jpeg 400w, https:\/\/laserantitabac-gaba.com\/wp-content\/uploads\/2026\/02\/so-true-300x300.jpeg 300w, https:\/\/laserantitabac-gaba.com\/wp-content\/uploads\/2026\/02\/so-true-150x150.jpeg 150w\" sizes=\"(max-width: 400px) 100vw, 400px\" \/><\/figure><div class=\"wp-block-media-text__content\">\n<p><\/p>\n\n\n\n<h2 class=\"wp-block-heading has-nv-c-1-color has-text-color\">Le sucre<\/h2>\n\n\n\n<p class=\"has-medium-font-size\">Le sucre peut cr\u00e9er une d\u00e9pendance physique et \u00e9motionnelle. L\u2019<strong>auriculoth\u00e9rapie et le laser<\/strong> agissent sur les circuits de la d\u00e9pendance, r\u00e9duisant les pulsions et les comportements de compensation. Cette approche permet de <strong>retrouver \u00e9quilibre, contr\u00f4le et bien-\u00eatre<\/strong>, tout en douceur et en s\u00e9curit\u00e9.<\/p>\n<\/div><\/div>\n","protected":false},"excerpt":{"rendered":"<p>Chaque sevrage est abord\u00e9 avec \u00e9coute, bienveillance et suivi personnalis\u00e9, pour accompagner pleinement le corps et l\u2019esprit vers libert\u00e9, s\u00e9r\u00e9nit\u00e9 et \u00e9quilibre. Gr\u00e2ce \u00e0 l\u2019auriculoth\u00e9rapie combin\u00e9e au laser, les d\u00e9pendances physiques et les pulsions sont cibl\u00e9es efficacement, d\u00e8s la premi\u00e8re s\u00e9ance. L&rsquo;alcool La d\u00e9pendance \u00e0 l\u2019alcool peut \u00eatre difficile \u00e0 g\u00e9rer seul. Cette m\u00e9thode agit [&hellip;]<\/p>\n","protected":false},"author":1,"featured_media":0,"parent":0,"menu_order":0,"comment_status":"closed","ping_status":"closed","template":"","meta":{"_themeisle_gutenberg_block_has_review":false,"footnotes":""},"class_list":["post-229","page","type-page","status-publish","hentry"],"_links":{"self":[{"href":"https:\/\/laserantitabac-gaba.com\/index.php\/wp-json\/wp\/v2\/pages\/229","targetHints":{"allow":["GET"]}}],"collection":[{"href":"https:\/\/laserantitabac-gaba.com\/index.php\/wp-json\/wp\/v2\/pages"}],"about":[{"href":"https:\/\/laserantitabac-gaba.com\/index.php\/wp-json\/wp\/v2\/types\/page"}],"author":[{"embeddable":true,"href":"https:\/\/laserantitabac-gaba.com\/index.php\/wp-json\/wp\/v2\/users\/1"}],"replies":[{"embeddable":true,"href":"https:\/\/laserantitabac-gaba.com\/index.php\/wp-json\/wp\/v2\/comments?post=229"}],"version-history":[{"count":13,"href":"https:\/\/laserantitabac-gaba.com\/index.php\/wp-json\/wp\/v2\/pages\/229\/revisions"}],"predecessor-version":[{"id":423,"href":"https:\/\/laserantitabac-gaba.com\/index.php\/wp-json\/wp\/v2\/pages\/229\/revisions\/423"}],"wp:attachment":[{"href":"https:\/\/laserantitabac-gaba.com\/index.php\/wp-json\/wp\/v2\/media?parent=229"}],"curies":[{"name":"wp","href":"https:\/\/api.w.org\/{rel}","templated":true}]}}